- 118*f**2 + 68*f + 252. Let t be d(-30). Let w(q) = -q**2 + 13*q - 30. Give w(t).
-18
Suppose 4*r - g = 9, 2*g = -3*r - g - 12. Let u(m) = 4 - 1 - r + m. Calculate u(-4).
-2
Let x(a) be the third derivative of -a**4/12 - 13*a**3/6 + 56*a**2 - 2*a. What is x(-8)?
3
Let l(d) = -19*d**3 - 5*d**2 + d - 49. Let o(g) = -54*g**3 - 12*g**2 + 3*g - 144. Let x(y) = -17*l(y) + 6*o(y). Determine x(13).
-18
Let z(h) be the second derivative of h**5/20 - h**4/12 - h**3/3 + h**2/2 + 10*h. Let x be (2/4)/((-1)/(-34)). Suppose x*n = 13*n + 8. Calculate z(n).
1
Let p = 16644 + -16657. Let o(q) = 15*q + 182. Give o(p).
-13
Let d = -370 + 379. Suppose 12*q + 11 = d*q - 2*p, 8 = 4*p. Let u(a) = a**2 + 6*a + 1. Give u(q).
-4
Let b(v) = 2220*v + 2*v**2 + 23 - 1104*v - 1105*v. Determine b(-6).
29
Let o(s) = 8*s**2 - 2*s + 1. Let f be 11/(-3) + (-2)/6. Let j be (-66)/4 + 21/14. Let i be -13*1/j + f/(-30). What is o(i)?
7
Let v(p) = 175*p - 26 - 62*p - 55*p - 54*p. Suppose 0*g = -32*g + 192. Give v(g).
-2
Let u(t) be the third derivative of -t**5/60 - t**4/24 - 5*t**3/2 - 974*t**2. Calculate u(-9).
-87
Let v(p) = -21*p. Let g(y) = 13*y + 9. Let b be g(-7). Let f = b - -81. Determine v(f).
21
Suppose -4*o = o. Let q = o + 2. Let n(g) = 1202019*g**3 + 3 - 3 + g**2 + 3 + g - 1202020*g**3 - 1. Determine n(q).
0
Suppose -9*y + 932 = 121*y + 103*y. Let j(d) = -d**3 + 2*d**2 + 11*d - 16. Calculate j(y).
-4
Let m(y) = y + 10 - 4 + 4. Let b = 596225 + -596230. Calculate m(b).
5
Let k(w) = -w**3 - 9*w**2 - 21*w - 2. Let s be k(-4). Let q(i) = s - 2 + 8 - 1 + 3 + i. Give q(-7).
3
Let u(x) be the third derivative of -x**4/8 + x**3/3 - x**2. Let h(q) = -44*q + 194*q - 52*q - 50*q - 47*q. Let t(p) = 2*h(p) + u(p). Calculate t(2).
0
Let f be (-4)/14 + (1 - (-173)/(-7)). Let h = -20 - f. Let b be h/(-22) + -3 + (-303)/(-33). Let d(z) = -z**3 + 8*z**2 - 7*z - 7. Determine d(b).
23
Let x(n) be the second derivative of 7/6*n**3 - 55 - 2*n + 2*n**2. Give x(-2).
-10
Let w(b) = -29*b - b - 24*b + 166 + 44*b. Determine w(16).
6
Let u(c) = c**3 + c**2 - 5*c + 2. Let a be u(0). Let y(n) = 3 - 6 - 5 - a*n + 2. Determine y(-5).
4
Let s(x) = x**2 - 7*x - 1. Let b(c) = 4*c**3 - 3*c**2 + 31*c + 7. Let v(k) = -b(k) - 4*s(k). Calculate v(-2).
31
Let r(d) = -5. Let y(q) = q**3 - q**2 + 1. Let j = 21 - 21. Let c be y(j). Let l(a) = a + 1. Let s(n) = c*r(n) + 6*l(n). Give s(1).
7
Let o(k) = -k. Let v be (-42)/(-3) - 13 - 0. Give o(v).
-1
Suppose 0 = 2*w - 7 - 1. Suppose w = 8*p - 20. Let c(i) = 2*i**2 - 3*i - 2. Let m(h) = -h**2 + h - 1. Let n(t) = c(t) - m(t). What is n(p)?
14
Let d(m) = -m + 6. Let n = -19434 + 19444. What is d(n)?
-4
Let z(j) = -11*j**2 - 7*j**2 - 12 - 45*j + j**3 + 17 + 17*j**2 - 11*j**2. Give z(15).
5
Let u(g) = -g**2 - 6*g + 240. Let n be u(13). Let l(r) = -33*r - 229. Calculate l(n).
2
Let q(v) be the third derivative of -v**4/2 - 4*v**2. Suppose 0 = 3*c + 7*p - 2*p + 31, -p = 2*c + 23. Let s be (-8)/c + 0 - 5/3. Give q(s).
12
Suppose -6 = m - v, -2*v - 27 = -m - 39. Let d(z) be the third derivative of 1/6*z**3 + 0*z - 10*z**2 + 1/24*z**4 + m. Determine d(4).
5
Let f(d) = 18*d - 49*d + 48 + 15*d + 30*d. What is f(-4)?
-8
Let c(g) = -g**2 + 7*g - 1. Let d = 81 + -63. Suppose 7*m = 9*m - d. Let w be 2*9/(-6)*(-21)/m. Calculate c(w).
-1
Let y(l) = -l. Let o(u) = 18*u + 6. Let f(j) = -o(j) - 15*y(j). Let a = 73 - 78. Determine f(a).
9
Suppose 0 = 2*d - 0*d + 20. Let l(p) = -88*p**2 - 44*p + 264. Let a(f) = 21*f**2 + 11*f - 63. Let q(s) = 21*a(s) + 5*l(s). What is q(d)?
-13
Let q(i) = 2*i**2 - 17*i - 236. Let o be q(16). Let l(r) = r**3 - 2*r**2 - 6*r + 6. Determine l(o).
14
Suppose 5*z + 54 = 4*t + 79, -t = 2*z + 3. Let y(d) = d**3 + 5*d**2 - 9*d + 10. Give y(t).
55
Let a be -2*(22/(-4) - -2). Let s(u) = u**2 + a*u + u**2 + 4 - u**2. Suppose 3*b - 3*h = -0*h, 12 = -5*b + h. Give s(b).
-8
Let v = 24 + -84. Let t be (52 - 1)*-4*(-10)/(-30). Let a = v - t. Let u(o) = o - 6. Calculate u(a).
2
Suppose 0 = -2*o + 5*o - 1071. Let a be (-42)/o + (-242)/(-34). Suppose a = -l + 15. Let z(c) = c - 6. Determine z(l).
2
Let j(o) = -o**2 - 2. Let i(n) = -21*n + 369. Let f be i(23). Let p be 36/15*(-190)/4. Let q = p - f. Calculate j(q).
-2
Let m(f) = f**3 - f**2 - 2*f + 1. Let h(v) = v**3 - 5*v**2 - 7*v - 1. Let o be (-2)/(-4)*2*(9 + -11). Let q(i) = o*m(i) + h(i). What is q(-2)?
-1
Let w(s) = -s**3 + 3*s**2 - 3*s + 2. Let h(j) = -3*j**2 - 96*j - 177. Let o be h(-30). Determine w(o).
-7
Let h(r) = r**3 - 4*r**2 - 3*r + 7. Let z(y) = y**2 - 114 + y - 7*y + 119. Let i be z(6). Determine h(i).
17
Let t(u) be the third derivative of -3*u**4/8 - 16*u**3/3 + 9*u**2 - 45. Give t(-6).
22
Let h(k) = 2*k**2 - 11*k - 2. Let b(t) = -3*t**3 + 14*t**2 - 40*t + 8. Let o be b(6). Let n = o + 382. Calculate h(n).
4
Let z(x) = x**3 + 15*x**2 + 29*x + 205. Let d be z(-14). Let p(h) = 11 - h**3 - 4*h**2 - 8 - h + 0*h + 5*h. What is p(d)?
8
Let m = 6 + -2. Let c(a) = 68*a**2 + 3*a - 24*a**2 + 3 - 45*a**2. What is c(m)?
-1
Suppose 753 = 1732*g - 503 - 476. Let b(t) be the first derivative of -3*t**4/2 - t**3/3 + t**2 - t + 1. Give b(g).
-6
Let h(t) = 14*t + 151. Let q(m) = -71*m - 813. Let s(n) = -11*h(n) - 2*q(n). Determine s(-2).
-11
Let q(y) be the second derivative of y**7/2520 - y**6/90 + 3*y**5/40 + 7*y**4/12 + 12*y. Let w(z) be the third derivative of q(z). Give w(6).
-3
Let r(d) be the third derivative of -d**5/60 - 7*d**4/12 - 2*d**3 - 5198*d**2. Give r(-6).
36
Let k = -4 - 0. Let h(c) = 3*c + 8. Suppose 13 = -v + 3*l + l, -3*v + 1 = -4*l. Let a(y) = 5*y + 16. Let q(g) = k*a(g) + v*h(g). What is q(0)?
-8
Let d(v) = -18*v + 4. Let p(l) = -14*l + 7. Let y(b) = 2*d(b) - 3*p(b). Calculate y(-7).
-55
Suppose -3*d + 5*w - 8 = 0, 86*d - 82*d - w - 12 = 0. Let g(t) = t**3 - 2*t**2 - 3*t - 20. What is g(d)?
0
Let g be (-2)/3 + (-8)/6. Let c(o) be the second derivative of -3*o**4/8 - o**3/3 - 22*o**2 + 39*o. Let r(x) be the first derivative of c(x). Give r(g).
16
Let u(g) be the first derivative of 3*g**2/2 + 49*g - 548. What is u(-15)?
4
Let y be (3 + -3)/(4 + -2). Suppose y = -15*w + 34*w + 57. Let v(u) = u + 8. Give v(w).
5
Let o(s) = 345*s**2 - 348*s**2 + 730*s**3 - 731*s**3 + 10*s + 21. Give o(-3).
-9
Suppose -130*c + 118*c + 13 = 1. Let w(x) = 14*x**2 - 21*x**2 + 22*x**3 - 6*x**3 + 6*x**2 + 1. Determine w(c).
16
Let s(d) = -2*d**2 - 3*d + 18. Let r be s(12). Let v = r + 296. Let k(c) = -c**2 - 10*c + 5. Calculate k(v).
5
Suppose 0 = -2*s + 14. Let v(g) be the third derivative of -g**6/120 + g**5/10 + 5*g**4/24 - 3*g**3/2 - g**2 - 104*g + 65. Determine v(s).
-23
Suppose 5*w + 5*d + 430 = 0, -w + 3*d - 40 = 30. Let r = w - -83. Suppose u + r = -6. Let c(f) = f**3 + 6*f**2 - 8*f + 5. Calculate c(u).
12
Let r(k) = -10*k - 123. Let s = -26087 + 26073. Determine r(s).
17
Let r(u) = -u**3 - 3 - 7*u**2 - 395*u - 12 + 386*u + 0. Determine r(-6).
3
Suppose -57*d - 920 = -122. Let o(n) = 2*n**2 + 34*n + 10. What is o(d)?
-74
Let y(r) = -r**3 + 3*r**2 - 7*r + 22. Suppose 91*m + 270*m - 85*m - 828 = 0. Determine y(m).
1
Suppose v - 3*v = -4*p, 4*v = 3*p + 5. Let b be ((-27)/(-3) + -9)/((-2)/v). Let h(q) be the second derivative of -q**4/12 - 6*q**2 - 13*q. Determine h(b).
-12
Let q(d) = -d**2 - 1. Let y(x) = 6*x**2 + 9*x + 1. Let m(p) = -5*q(p) - y(p). Give m(-10).
-6
Let v be (0 + 2/6)*3. Let f(x) be the third derivative of x**5/60 - x**3/6 + 646*x**2 + 16*x. Give f(v).
0
Let u(n) be the first derivative of -23*n**2/2 - 63*n + 3043. Calculate u(-2).
-17
Let q(t) = -5*t**2 + 9*t + 54. Let m(j) = -j**2. Let l(x) = 4*m(x) - q(x). Determine l(-4).
-2
Let s(t) = t**2 - 2*t - 11. Let y be s(5). Let v(b) = -4*b - 9. Let q(i) = -i - 1. Let l(h) = 5*q(h) - v(h). Give l(y).
0
Let w(h) = 77*h**3 + h - 2. Let g be (4 - -12*(-30)/40)*(-1)/5. Calculate w(g).
76
Suppose 53*y - 54*y - 17 = 4*a, -5*y = 5*a + 25. Let g(h) = -6*h - 13. What is g(a)?
11
Let o(m) = m + 4. Let r be -3 + 1 - (56 + 2). Let s(z) = -9*z**2 - 61*z - 165. Let c be s(-3). Let i = r - c. Give o(i).
7
Let t = 190 + -176. Let n be (-6)/t + (2 - (-50)/35). Let g(l) = l**2 + 1. Let m(r) = r**3 - 7*r**2 + 4*r - 7. Let i(k) = -3*g(k) - m(k). Calculate i(n).
1
Let o(t) = 12*t**2 + 97*t + 387. Let g(w) = 19*w**2 + 149*w + 580. Let l(s) = 5*g(s) - 8*o(s). What is l(-22)?
2
L